me?
True
Let i(f) be the third derivative of f**6/120 + f**5/60 + 217*f**3/6 + 2*f**2. Is i(0) a composite number?
True
Let k(w) = -w**3 + 3*w**2 + 2*w - 1. Let b be k(-2). Is 3*-22*b/(-18) a composite number?
True
Is (177/4)/(9/24) a prime number?
False
Let h(q) = -q**2 + 3*q + 3. Let o be h(3). Suppose 4*a = o*k + 16, 6*k - 2*k = 0. Is a composite?
True
Let w(i) = 9*i - 6. Let a(y) = -y**2 - 9*y + 1. Let t be a(-7). Suppose 4*x - x = t. Is w(x) a composite number?
True
Let k(d) = 2*d - 9. Let b be k(6). Suppose -5*j + 425 = -b*j + 3*p, 4*j - 805 = 3*p. Is j a composite number?
True
Let q(o) = o**2 + 7*o + 9. Suppose -5*a - 2*t - 5 = 3*t, 2*a = 3*t - 27. Let j be q(a). Suppose j*n = n + 28. Is n prime?
False
Let d be ((-10)/(-6))/((-1)/(-3)). Suppose -3*x = h, 3*h - d*h = -3*x. Is 3*13 + h/(-3) a prime number?
False
Suppose 4*o - 74 - 10 = 0. Let t = o - 14. Suppose t*p - 4*p - 93 = 0. Is p a prime number?
True
Let d be (-30)/7 - 4/(-14). Let j = -7 + 15. Let x = d + j. Is x prime?
False
Let l = -1748 + 4309. Is l a composite number?
True
Is (-1)/(17730/(-3545) - -5) composite?
False
Suppose 0*k - 1034 = -2*k. Is k prime?
False
Let v = 195 - 442. Let m = v - -644. Is m/3 + 8/12 a prime number?
False
Let z(c) be the third derivative of -c**4/12 + c**3/2 - c**2. Let q(k) = k - 10. Let m be q(7). Is z(m) a composite number?
True
Suppose -q - 4*q + 25 = 0. Let w(o) = 4*o**2 - 5*o - 8. Is w(q) prime?
True
Is (-254)/(-5)*(-5 - 20/(-2)) composite?
True
Let a(c) = -2*c**3 - 3*c**2 - 4*c - 3. Let k be a(-2). Let l be (0 - -1) + 3/12*8. Is 1/l - (-1302)/k prime?
False
Let x be ((-6)/3)/(2/5). Let a(h) = -5 - 6*h + 1 + h. Is a(x) prime?
False
Suppose -3*p + 3*c + 1494 = 0, 0 = 2*p - 3*c - 1121 + 129. Is p composite?
True
Let l(y) = y**3 + 7*y**2 + y + 7. Let r(w) = -w**2 - 2. Let z be r(-2). Is l(z) a prime number?
True
Suppose -8*a - 19 = -3*g - 3*a, 3*g - 3 = -3*a. Suppose g*m + m - 35 = d, 0 = -4*d + 4. Is m prime?
False
Let w be (-28)/(-6) - 6/9. Let c be (w - (4 - 2)) + 0. Suppose 59 = k + c*d, 0 = -2*k + 8*d - 3*d + 91. Is k a composite number?
False
Let z(a) = -15*a**2 - 8*a - 7. Let c be z(9). Let f = c + 1928. Suppose -4*u + f - 110 = 0. Is u a composite number?
False
Suppose 0 = 2*l - 0*l - 6. Suppose -5*j - l*r = -556, 2*r + 122 = j - r. Is j prime?
True
Suppose 0 = -4*i - k - 3*k + 12, 0 = -3*k. Suppose -i*x = -x. Suppose 4*a - 5*t - 555 = 0, 0*a - 3*a - 2*t + 445 = x. Is a composite?
True
Let z be (-2)/7 - (-51)/7. Let g(v) = -29*v**2 + 9*v + 3. Let f be g(z). Is f/(-35) - 2/(-7) a prime number?
False
Let k be -3 - (-6)/(-4)*-2. Suppose k*n = 3*j - 2*n - 51, -4*j - n + 79 = 0. Is j composite?
False
Let z(o) = o**3 - 2*o**2 + 3*o - 2. Let v be z(2). Suppose -v*x - 240 = -4*d - x, -d + 60 = 3*x. Suppose -2*q - d = -6*q. Is q a prime number?
False
Let b(s) = -s**3 + 4*s**2 + 5*s + 5. Let u be b(5). Suppose 2*y = -y - 5*v + 876, -u*y - v + 1438 = 0. Is y composite?
True
Let p = 4 - 0. Suppose 0 = p*n + 4*o - 4, 2*n - 4*n - o = -4. Is (-21)/(-1)*5/n a prime number?
False
Suppose 4 = -g + 1. Let w(h) = -18*h**3 - 2*h**2 + 1. Is w(g) prime?
False
Is 499 + -1 + (-3 - -4) composite?
False
Let r = 129 + -74. Is r a prime number?
False
Let h = -9 + 21. Let i(o) = 4*o + 11. Is i(h) a composite number?
False
Let u = 4 - -2. Let j(l) = -l**3 - 5*l**2 - 3*l + 2. Let z be j(-4). Is (-111)/u*(-4 - z) a composite number?
False
Let y = -7 - -8. Is (1 + 630)*(y + 0) a prime number?
True
Let s(v) = v + 12. Let q be s(0). Is -3*10/q*-4 prime?
False
Let h = -3 - -2. Let l(t) = -122*t**3 + t**2 + 2*t + 1. Is l(h) composite?
True
Let o be 0 + -1 + -1 + 2. Suppose -4*h - 2 - 2 = o. Is (h/2)/(1/(-154)) prime?
False
Let w(h) = 10*h - 6 + 3 - 62*h. Is w(-5) composite?
False
Is (-4809)/(-4) - (-3)/4 composite?
True
Let b(i) be the third derivative of -9*i**4/8 + 4*i**3/3 - 4*i**2. Let u be b(-7). Suppose -5*x = -612 + u. Is x prime?
True
Let u be (-24)/18*9*1. Let r = -7 - u. Suppose 2*j = r*j - 66. Is j composite?
True
Let d(g) = -201*g + 6. Let n(w) = -402*w + 11. Let k(q) = -7*d(q) + 4*n(q). Is k(-1) composite?
True
Let i(w) = 190*w**2 - 5*w - 1. Let q(y) = y. Let d(n) = i(n) + 3*q(n). Is d(-1) a prime number?
True
Is (1/4 - 0)/(2/3176) a composite number?
False
Let b = 7 + -2. Suppose -b*s + 250 - 75 = 0. Is s a prime number?
False
Let f be (-1)/4 - (-52)/16. Suppose f*b - 3*d - 123 = 0, -b + 0*b + 53 = -4*d. Is b a prime number?
True
Let h(s) = 7*s - 8. Let u be 6/(-4)*(-8)/3. Let f(a) = -6*a + 8. Let p(z) = u*f(z) + 5*h(z). Is p(7) prime?
False
Suppose -2*r + 6526 + 3808 = 0. Is r composite?
False
Let m = -75 + 107. Let b = m - 65. Let z = b - -70. Is z prime?
True
Suppose 2*u = 5*u - 6. Is ((-1)/u)/((-1)/62) a composite number?
False
Let q = 651 + 140. Is q a composite number?
True
Is -331*(-4)/(4 - 0) a prime number?
True
Let i(j) = -j**3 + 28*j**2 + 16*j - 2. Is i(13) composite?
False
Let o be (-5)/(-2) + (-1)/2. Let x(a) = a**2 - a + 2. Let y be x(o). Is 6/y*(-296)/(-12) composite?
False
Let g(h) = 13*h - 13. Is g(12) a composite number?
True
Let o be (333/(-6) - 1)*2. Let v = -24 - o. Is v prime?
True
Let k(v) = 5*v + 6. Let q be k(5). Let x = 4 + q. Is x prime?
False
Suppose -6*v + v - 4*l + 41 = 0, 0 = 5*v - 3*l - 13. Suppose v*i - 1996 = -q + 608, 3*q = -3*i + 1560. Is i prime?
True
Suppose 5*x - 3*o + 8*o - 25 = 0, 5*x + 3*o = 23. Let p be 2/x - 6/(-4). Suppose 3*q + 41 = 2*n, p*n + q = n + 8. Is n a prime number?
True
Let d(l) = 8*l**2 + 6*l + 7. Let j be d(7). Let b = -300 + j. Is b a composite number?
True
Let z = -1659 + 2372. Let b = z + -28. Is b a prime number?
False
Let g(i) = 13*i - 8. Is g(3) composite?
False
Let x = 210 - 25. Is x a prime number?
False
Suppose 5*s - 222 = 2*s. Suppose -4*w = -3*i - 414, 0*i + 412 = 4*w - 4*i. Let g = w - s. Is g composite?
False
Let z = 21273 + -6220. Is z composite?
False
Let b(d) = -4*d - 9 + 6*d + 16*d. Let y be b(7). Suppose 0*c - 3*c = -y. Is c composite?
True
Suppose 2*b = 5*w + 65, -2*w = -3*b + 3*w + 90. Suppose 0 = v - b - 12. Is v a prime number?
True
Suppose 4*r + 3 = -5*o, o - 12 = 5*o. Suppose r*j = 276 - 39. Is j a composite number?
False
Let l(k) = 3*k**2 + 6*k**2 + 6 - 6*k**3 - 5*k**2 + 7*k. Let x be l(-4). Suppose -436 = -n - 6*f + f, n - x = 5*f. Is n prime?
True
Let j = 3868 + -2237. Is j a prime number?
False
Let u be -1 + (-1)/(-3 - -2). Let y be 1 + 1 + (u - -4). Suppose m - 49 = y. Is m a prime number?
False
Suppose -2 = -3*c + r, c - r - 2*r + 10 = 0. Suppose c*f - 390 = -v + 120, 4*f = -5*v + 1032. Is f a prime number?
False
Let a be ((-84)/10)/((-2)/10). Let h be (8/(-3))/((-4)/a). Let o = 7 + h. Is o prime?
False
Let o = 1171 + -522. Is o composite?
True
Suppose -5*r - 2*m = -2483, 0 = -r + 3*m + m + 501. Is r a composite number?
True
Is (-288)/(-5) + 4/10 composite?
True
Suppose 3 + 4 = -t. Let q(c) be the third derivative of -c**6/120 - c**5/10 + c**4/8 + 7*c**3/6 - c**2. Is q(t) a prime number?
False
Suppose -6*l + 1417 + 26909 = 0. Is l prime?
True
Let c be (0 + -5)*72/(-10). Let j = c + 35. Is j composite?
False
Let i(o) be the first derivative of 17*o**2/2 + 2*o + 2. Is i(3) a prime number?
True
Let u(j) = -j**3 + 11*j**2 - 10*j - 3. Is u(9) a composite number?
True
Let h be (3/(-2))/(2/(-20)). Let d = h + -11. Let g(l) = 5*l + 1. Is g(d) a prime number?
False
Let g = 875 + -198. Is g a prime number?
True
Let v(z) = -1 + 0 + 47*z - 18*z - 4. Is v(2) a composite number?
False
Let r(l) = 4 + 8 + 4 + l - 4. Is r(-5) a prime number?
True
Is (-17988)/(-8)*8/12 a prime number?
True
Suppose 69 = 5*q - 3*c + 7*c, 5*c = -4*q + 57. Let m(i) = -2 + q*i**2 + 1 + 3. Is m(3) prime?
False
Suppose 0 = -t + 3*t - 368. Let r = t + -105. Is r a prime number?
True
Suppose -3*v + 3*j - 7*j + 39 = 0, 0 = -5*v + 5*j + 100. Let i = 4 + v. Is i composite?
True
Suppose 0 = -3*x + 866 + 211. Is x a prime number?
True
Suppose 0*s - 1 = -s. Let i = 6 - s. Is 62/i + 15/25 a prime number?
True
Let a(x) = 2*x - 4. Let m be a(4). Suppose -5*s + 897 = 2*q + 176, m = -2*q. Is s a prime number?
False
Suppose -5*s + 10 = -20. Let a be 1/(-3) + 20/s. Is (34/a)/(4/18) composite?
True
Let y(g) = -2*g**2 - 8*g. Suppose 3*z + 0*z + 21 = 0. Let i be y(z). Let k = i - -133. Is k a composite number?
True
Suppose -5*x 